1 is divided by z.
17
Suppose 4*l + 4 = 16. Suppose 0 = -l*w + 39 - 33. Suppose 190 = t - 2*o, -3*t - w*o = -0*t - 554. What is the remainder when t is divided by 47?
45
Let f(t) = 5*t + 6*t**3 + 190*t**2 - 2*t**3 + 4 + 196*t**2 - 385*t**2. Calculate the remainder when f(3) is divided by 18.
10
Let x = 248 - 277. Let r(z) = -5*z - 103. Suppose f = -2*f + 69. Calculate the remainder when r(x) is divided by f.
19
Let a(r) = -3*r**2 + 31*r - 54. Let t be a(8). Suppose 6*i - 26 = t*i + 2*s, s - 22 = -5*i. Calculate the remainder when 36 is divided by i.
1
Suppose -3*s + 6*s - 120 = 0. Suppose -2865 = -8*p - i, -34 = -2*i - 16. What is the remainder when p is divided by s?
37
Let u(z) = 10*z**3 + 2*z**2 + 7*z - 8. Let w(k) = -k**2 - 10*k - 23. Let t be w(-4). Calculate the remainder when u(t) is divided by 7.
4
Suppose -4*x - 2*z + 2064 = 0, -x + 52 = 3*z - 479. Calculate the remainder when x is divided by 125.
13
Suppose -3*v = -3*k + 9504, 0 = -3*k - 4*v - 2263 + 11809. What is the remainder when k is divided by 15?
9
Let z = -6470 - -6499. What is the remainder when 592 is divided by z?
12
Let v(g) = -g**3 + 5*g**2 + 63*g + 41. Calculate the remainder when 226 is divided by v(-6).
49
Let z = -273 - -278. Suppose 28*u - 506 = z*u. What is the remainder when 58 is divided by u?
14
What is the remainder when 209 is divided by 13 + -2 - 2*(36/8 - 4)?
9
Let s be (-10)/35 - (-1250)/14. Let p = -20 + s. What is the remainder when 270 is divided by p?
63
Suppose 23*k = 22*k + 1, -z = 2*k - 290. Let w = -259 + z. Calculate the remainder when 106 is divided by w.
19
Let y = 52 + -22. Let h(d) = 2*d**3 - 60*d**2 - 128*d + 16. Calculate the remainder when y is divided by h(32).
14
Suppose 246*t - 4415 = 3703. Let y = -143 + 273. Calculate the remainder when y is divided by t.
31
Let g = -25 - -28. Suppose -g - 4 = -7*j. Suppose -5*a - j = -41. What is the remainder when 29 is divided by a?
5
Let c(r) = 17*r**3 - 2*r**2 - 3*r + 4. Let m be c(2). Suppose 4*k = 6*k - m. Calculate the remainder when 122 is divided by k.
59
Suppose 177*h - 43507 - 3231 = 3707. Suppose -6*g + 74 = 2. What is the remainder when h is divided by g?
9
Let x(m) be the third derivative of m**5/60 + m**4 + 83*m**3/6 - m**2 + 19*m. Calculate the remainder when 117 is divided by x(-3).
17
Let n = -32 - -45. Suppose -n*d = -18*d + 395. What is the remainder when d is divided by (99/(-11) + -12)/(-2 + 1)?
16
Let p = -1540 - -2327. What is the remainder when 1593 is divided by p?
19
Suppose h = 2*h - 40. Suppose -x = -l + 5*l - 49, h = 3*l + 4*x. Suppose w = -k + 69 - 56, 2*w = -4*k + 40. What is the remainder when l is divided by k?
5
Let n be 1*(0 + -3)/(-1). Suppose -2*z - 16 = 3*s, -9 = 4*z - 4*s + n. Let k(d) = 3*d**2 + 7*d + 13. What is the remainder when 103 is divided by k(z)?
50
Suppose -1184560 = 74*u - 1185892. What is the remainder when 2/(-7) - 1248/(-7) is divided by u?
16
Let k = 29 + 2. Let g = -97 - 25. Calculate the remainder when (-19 - -17) + (1 - g) is divided by k.
28
Suppose 0 = -3*m + 5*m - 3*g - 8, 0 = -4*m - 5*g + 38. Let j be -4 - (-2 + (-4)/2). Suppose j = 6*o + 4*o - 100. Calculate the remainder when o is divided by m.
3
Suppose -2*s = 4*x - 0*s - 224, 2*x + 4*s - 118 = 0. Let z be (-189908)/(-22) + (-10)/x. Calculate the remainder when (-2)/(-10) - z/(-40) is divided by 31.
30
Let m(a) = -20*a**2 + 304*a - 50. Calculate the remainder when 363 is divided by m(15).
3
Calculate the remainder when (-800640)/(-1120) + 2/14 is divided by 9.
4
Suppose 4*m = -t - 2, -2*m - 63 = t - 71. What is the remainder when 7864 is divided by t?
16
Suppose d + 3*s + 316 = -d, -s = -4*d - 632. Let b = d - -203. What is the remainder when b is divided by 23?
22
Suppose 0 = -4*u + 224 - 92. Suppose -2*l + 13*h - 14*h + 894 = 0, -4*l + 1796 = -2*h. Let z = l + -435. What is the remainder when u is divided by z?
7
Let a(n) = -3*n**2 + 61*n - 18. Let v be a(20). Suppose -v*d - d = 0, 0 = 5*q + d - 175. Calculate the remainder when 61 is divided by q.
26
Suppose p = 2*h - 1817, 2787 + 1723 = 5*h + 4*p. What is the remainder when h is divided by 251?
153
Let k = -109 - -12. Let l be 60/100 + k/(-5). Suppose -l = -p - 3*r + 31, -2*r + 10 = 0. Calculate the remainder when p is divided by 13.
10
Let j(q) = q**2 - 3*q - 6. Let w(o) = 40*o + 7. Let c(v) = 42*v + 8. Let y(s) = 3*c(s) - 4*w(s). Calculate the remainder when y(-2) is divided by j(-5).
30
Let x = 73 - 43. Suppose 0 = -4*k - 4*u + 760, 26*u - x*u = k - 181. Calculate the remainder when k is divided by 13.
11
Calculate the remainder when 4 - (-110 - 1)*54/81 is divided by 52.
26
Let s(u) = u**2 - 6*u + 5. Let k be s(1). Suppose k = -9*a + 277 + 38. What is the remainder when 173 is divided by a?
33
Let f = -134 - -86. Let q = f + 78. What is the remainder when 89 is divided by q?
29
Let g(v) = 2*v**2 + 458*v - 2786. What is the remainder when 138 is divided by g(6)?
2
What is the remainder when 18/81*498*6/4 is divided by 1/(7 - 45/6) - -45?
37
Let k be (1 + (-18)/10)/((-20)/(-50)). Let r be 0/(k + (-3 - -1) + 0). Suppose 3*n - n - 56 = r. What is the remainder when n is divided by 10?
8
Suppose 0 = m - 6*m - 905. Let a = 202 + m. What is the remainder when a is divided by 12?
9
Suppose 3*g + 5*f - 56 = 0, -3*g = -8*g + 4*f + 44. Let p(z) = 9*z - 118. Let y be p(4). Let c = y - -88. Calculate the remainder when g is divided by c.
0
Let o(d) = -2*d**3 - 18*d**2 - 25*d - 194. Calculate the remainder when o(-19) is divided by 183.
181
Suppose 2*p = 3*p + 5*q - 74, 3*p + 4*q - 189 = 0. Suppose -409 = -6*s + p. Calculate the remainder when s is divided by 40.
38
Suppose 0*z - 4994 = -4*r - z, 2*r - 12*z - 2472 = 0. Calculate the remainder when r is divided by 264.
192
Suppose 144*z - 138*z - 750 = 0. Let v(y) = -y**3 + 0*y - 7 - 4*y + 3*y**2 - 6*y**2 - 4*y**2. Calculate the remainder when z is divided by v(-7).
20
Suppose 4*i = -4, -4*i = 3*l + 2*l - 106. Let z = 165 - 161. What is the remainder when l is divided by z?
2
Suppose n = -3*u + 14, -4*u + 2*n - 5*n + 17 = 0. Suppose -u*d + 18 = -22. Let k(m) = -14*m**3 - m**2 + 1. What is the remainder when k(-1) is divided by d?
6
Let r = -27 + 29. Let i(g) = 6*g**3 - 16*g**2 + 27*g - 1. What is the remainder when i(r) is divided by 27?
10
Let c = -249 + 692. Calculate the remainder when c is divided by 64.
59
Let i(w) = 2*w**2 + 3*w - 1. What is the remainder when i(4) is divided by 30/(-110) - (-16)/((-1056)/(-1470))?
21
What is the remainder when 9297 is divided by (4/5 + 7182/(-140) + -15)*-2?
127
Let v = -13 - -28. Let c = 47 - v. Let g = -19 + c. Calculate the remainder when 50 is divided by g.
11
Let l(x) = x**3 + 14*x**2 - 2*x - 17. Suppose -14 = -3*k - 0*k + 2*s, k - 3*s = 0. Let o be (-14)/(-1 + k/3). What is the remainder when 34 is divided by l(o)?
1
Suppose -3*p = -4*f + 6*f + 17, -4*p - 46 = -2*f. Let j = p - -28. Suppose 0 = -11*z + 10*z + j. Calculate the remainder when z is divided by 4.
3
Let g be 2*(205/(-2))/(-5). Let k = -73 + g. What is the remainder when 55 is divided by k/6*(-5 - 35/(-10))?
7
Let y(b) = 74*b**2 - 57*b + 210. Calculate the remainder when y(4) is divided by 26.
22
Suppose 5*h = 4*y + 55, -16*h = -11*h + 5*y - 100. What is the remainder when (3/h)/((-2)/(-1310)) is divided by 44?
43
Let m = 4608 - 4522. What is the remainder when 170 is divided by m?
84
Let o(u) = -10*u - 10. Let p be o(-2). Suppose 0 = -t + 43 - 0. What is the remainder when t is divided by (176/(-3))/(-4)*15/p?
21
Let u(a) = -14*a**3 - a**2 + 2*a - 2. Let j be u(1). Let p be (j/45)/(1/(-27)). Suppose p = b + 1. Calculate the remainder when 60 is divided by b.
4
Let d be (-2)/(12/(-1086))*-81. Calculate the remainder when (-76)/(-1178) - d/31 is divided by 17.
14
Let p = 7914 - 7634. What is the remainder when p is divided by 54?
10
Suppose -6*x + 12*p + 14280 = 11*p, -4*p - 2403 = -x. Calculate the remainder when x is divided by 61.
0
Suppose -4*v = -3*i - 12, 2*i + 5*v - 4*v = 3. Suppose -6*k - 3*k = i. Suppose -4*u + k = -16. What is the remainder when u is divided by 3?
1
Suppose 3292 = -28*y + 22556. What is the remainder when y is divided by 98?
2
Suppose -189*n = -650*n + 27199. Calculate the remainder when 5544 is divided by n.
57
Let n(x) = -62 - x - 5*x - 10*x - 5*x. What i